. Determine q(s).
-5
Let w(p) = 320673*p - 320681*p - 1 + 1 + 3. Calculate w(-7).
59
Let k(t) = t**2 + 12*t. Let d(p) = -2*p**2 - 76*p + 2. Let z(m) = d(m) + 6*k(m). What is z(5)?
82
Let y(i) = -28*i + 6. Suppose 16*f - 204 = -f. Let u(s) = 2*s - 1. Let b(h) = f*u(h) + y(h). Determine b(-4).
10
Let f = 55 + -53. Let y(j) = -2 + 2*j**f - 2*j + j**2 - j**3 + 4. Calculate y(3).
-4
Suppose 132 = 453*a + 467*a - 898*a. Let m(k) = -2*k - 9. Determine m(a).
-21
Let g(k) = 281*k - 87. Let b(l) = 51*l - 17. Let s(m) = -11*b(m) + 2*g(m). Calculate s(-15).
-2
Let c = 1036 + -1038. Let u(y) = 3*y**2 - 8*y - 16. Give u(c).
12
Let z(h) be the third derivative of -h**8/480 + h**6/360 - h**5/120 + 35*h**4/8 - h**2 - 136. Let s(i) be the second derivative of z(i). What is s(1)?
-13
Let v(o) = o**2 - 13*o + 1. Let m(f) be the first derivative of f**4/4 - 10*f**3/3 + 2*f**2 - 29*f - 7. Let p be m(10). Give v(p).
-21
Let g(q) = q**3 - q - 2. Let p(z) = 2*z + 36. Suppose 3*r = 398 + 520. Let s be 5/2*r/(-45). Let m be p(s). Calculate g(m).
4
Let h be 3/(-2)*100/(-30). Suppose j - 2*j - 5 = 0, -3*s + h = -j. Let t(w) be the third derivative of w**5/60 - w**4/24 + w**3/6 + 5*w**2. Calculate t(s).
1
Let j(r) = 2*r - 4*r - r**2 - 4*r**2 + 166 - 175. Determine j(-2).
-25
Let c(i) = -13*i**2 - 18*i**2 - 100 + 8*i + 56*i**2 - i**3 - 13*i**2. Determine c(12).
-4
Let b(t) = -5*t**2 + 6*t - 10. Suppose 15*q = 1179 - 1134. What is b(q)?
-37
Let g(w) = 9*w**3 + 30*w**2 - 53*w - 78. Let k(q) = -q**3. Let a(y) = -g(y) - 10*k(y). Calculate a(28).
-6
Let w = 7117 + -7125. Let t(b) = -b**2 + 4*b + 95. What is t(w)?
-1
Let o(j) = -j**3 + 41*j**2 - 80*j + 66. Let c be o(39). Let g(k) = -k**3 - 19*k**2 - 86*k - 18. Calculate g(c).
6
Let u(n) = -n**2 - 12*n - 14. Suppose -5*s = -69 + 59. Let v be s/3*132/(-8). What is u(v)?
-3
Let a(x) = x**3 - 2*x**2 - 3*x + 14. Let q be a(2). Let v(b) = -35 - 2*b + 12 + 13 + 4 + q. Let r be 0/1 + -3 - 0. Determine v(r).
8
Let d(j) be the first derivative of j**4/4 + 20*j**3/3 - 69*j**2/2 - 3*j - 156. Let u be d(-23). Let b(y) = y**3 + 2*y**2 - 4*y - 2. Give b(u).
1
Let c(x) = -6*x**3 + x**2 - 4*x - 16. Suppose 6 = -9*y + 8*y. Let j(v) = -7*v**3 - 5*v - 18. Let s(p) = y*c(p) + 5*j(p). Suppose -5*f = -24 - 6. Give s(f).
0
Let l(z) = -7*z**3 + z**3 + 2*z + 5*z**3 - z. Let a(w) = -w**2 + w. Let i be 3 + -3 + 0 - 1. Let b be a(i). Give l(b).
6
Let b(i) = 1 + i**2 - 3*i - 2*i - i**3 + 4*i**2. Let t(v) = 3*v - 7. Let r be t(23). Suppose 7*l = r - 34. Give b(l).
-3
Let v(z) = -95 + 286 - 6*z - 83 - 86. Calculate v(6).
-14
Suppose -4*b + 30 = -5*c + 243, -4*b - 2*c = 206. Let f = b - -54. Suppose -2*i + f - 8 = 0. Let m(u) = u**2 + u - 1. Determine m(i).
5
Let d(l) be the second derivative of 5*l**3/6 + 13*l**2 + 113*l - 1. Let z(k) = -4*k - 23. Let i(w) = -5*d(w) - 6*z(w). Calculate i(15).
-7
Let m(s) = 5*s**2 - 3*s + 2. Let k(z) = 7*z**3 - 2*z**2 + 2*z. Let t be k(1). Suppose 2*y + 6*u - 4 = 0, 5*u + 5 = -y + t. What is m(y)?
16
Suppose 4*j = c + 973, 2*j + 5*c = -3*j + 1210. Let y = j - 234. Let m(r) = r**3 - 10*r**2 + 12*r - 8. Calculate m(y).
19
Let o(w) = -15*w - 9. Let l(n) = -5*n. Let y(v) = -5*l(v) + o(v). Let a(s) = 12*s - 9. Let u(j) = -6*a(j) + 7*y(j). Give u(-7).
5
Suppose -43*n = 24813 - 5119. Let g = n + 462. Let b(w) = w**3 - 6 - 2*w - 2*w**3 + 2*w**2 + 9*w. What is b(g)?
-10
Let t(i) = 106*i + 104*i + 77 + 112*i - 329*i. Give t(10).
7
Let a(i) = i**2 - 19*i - 46. Let h be a(-2). Let j be (1 - -9)*9/15. Let d(o) = -2 - 2*o + j*o + 8 + o**2. Give d(h).
6
Let w be 2*(-1)/(4/(-6)) - 1. Let l(n) = 1 + 0*n + 3*n**2 - n + 5*n - 2*n**w. Let i be l(-3). Let g(o) = o**3 + o**2 + o + 1. Give g(i).
-5
Let a(n) = -3*n - 37. Let q be (-1140)/171 - 4/3. Determine a(q).
-13
Suppose 708*q = 570*q - 552. Let a(s) = 23*s + 73. What is a(q)?
-19
Let d(g) be the first derivative of 0*g + 5*g**3 + 1/2*g**2 - 129. Determine d(-1).
14
Suppose -g + s = -0*s - 2, -2*g - 4*s = -10. Let w(l) = 0*l**3 - 2 + 8*l**2 - l**2 + l**g + 10*l - 5*l. Give w(-6).
4
Let u(t) be the third derivative of t**4/12 + t**3/2 - 3*t**2 - 2*t + 1384. Give u(-7).
-11
Let z(l) = 43 + 2*l**2 - 21 - 70*l**2 - 25 - 17*l**2 - 3*l. Determine z(-1).
-85
Suppose -p + 5*p + 12 = 0. Let x = -2 + 5. Let c(f) = 3 + x*f**2 + f**3 - f**2 - 2*f + 2*f**2 - f**2. Calculate c(p).
9
Let i(l) = l**2 + 9*l + 17. Let o be 162/(-42) - ((-13)/7 + 3 + -2). Determine i(o).
-1
Let r be 99/(-22)*20/(-6). Let l(y) = r + 9*y**2 - 15*y**3 + 7*y**3 + 2*y**2 + 7*y**3. What is l(11)?
15
Let m(q) = -q**2 + q. Let r(u) = -18*u**2 + u - 1. Let f(g) = 2*m(g) - r(g). Let h = -56731 - -56730. What is f(h)?
16
Suppose d = -3*d + 20. Suppose 4*g - 7*g = -12. Let i(p) = -d - p**3 + 5 + 4 - g*p**2 + 1. Calculate i(-4).
5
Let k(o) be the third derivative of -o**5/60 - o**4/24 + 13*o**3/6 + 480*o**2. Give k(0).
13
Let r(z) = z**2 + 15*z + 32. Suppose -s - 3*v = -2, 9*s - 203*v = -202*v - 38. Give r(s).
-12
Let q(u) = -u + 48 - 6*u - 100 + 3*u**2 + 52. Give q(3).
6
Let t be (5 + -10 - 1) + 0. Let w be t - 204/(-33) - 40/(-22). Suppose 3*c + 7 = w*c. Let x(v) = -3*v - 6. Calculate x(c).
15
Let g be ((16/6)/(-2))/(14/(-63)). Let i(a) = -a**2 + 6*a + 11. Let p be i(g). Let f(d) = d - 11*d + p*d - 7. What is f(4)?
-3
Let i(h) be the second derivative of -h**3/3 + 3*h**2/2 + 2*h. Suppose 248 = 21*y - 77*y + 248. Determine i(y).
3
Let n(u) = -11*u**2 + 6*u. Let d(i) = 31*i**2 + 5*i + 24. Let s(h) = -d(h) - 3*n(h). What is s(14)?
46
Let m(a) = 5*a**2 + a - 1. Let n = 2878 - 2877. Determine m(n).
5
Let a(s) = -s + s**3 - 12 - 1823*s**2 + 6 + 1821*s**2. Give a(0).
-6
Let s(v) = -v**2 - 2*v + 3. Let f = -76 - -78. Suppose -3*y + 6*y = 4*n - 5, -3*n = -f*y - 3. Calculate s(y).
0
Let n(z) = 21*z**2 - 25*z - 9. Let p(u) = -4*u**2 + 5*u + 2. Suppose j + 30 = 31. Let g be (-12 - -1)*(0 - j). Let b(t) = g*p(t) + 2*n(t). Calculate b(4).
-8
Suppose m - 3 + 11 = 4*n, -2*n = 5*m + 18. Let j(l) be the third derivative of -3*l**4/8 + l**3/6 - 696*l**2. What is j(n)?
-8
Suppose -13*v = -66*v + 265. Suppose 0 = -u - 2*u + 9. Let d(y) = -4 + 11 + y - y**2 + u*y. Determine d(v).
2
Suppose -37*q - 65 = -324. Suppose -592 - 64 = -4*j. Let g(t) = -q - 332*t + 169*t + j*t. Determine g(6).
-1
Let w(o) be the first derivative of o**5/120 + 3*o**4/8 - 148*o**3/3 - 82. Let r(n) be the third derivative of w(n). Determine r(-4).
5
Let i(p) = -5*p - 5. Suppose -30*m = -1695 + 615. Suppose m = 4019*d - 4025*d. Calculate i(d).
25
Let z(s) = -16 - 42*s**3 + 167*s**3 - 3*s**2 + 10*s - 38*s**3 - 46*s**3 - 40*s**3. Give z(4).
40
Let k(i) = -i**2 + 3*i - 3. Suppose -118 = 3*o - 1. Suppose -328 = -5*q - 3*q. Let z = o + q. What is k(z)?
-1
Suppose -39 = -3*j + 81. Suppose 0 = y + 5, 5*b - 5*y = j + 5. Let o(d) = b*d - d - 6 + 1 - d. Determine o(5).
5
Let s(c) = -575*c**2 + 3*c - 4. Let n be s(1). Let f = -580 - n. Let i(v) = -v**3 - 3*v**2 - 3*v - 3. Determine i(f).
25
Let r(k) be the second derivative of -5*k**3/6 - 21*k**2/2 - 5*k - 22. Give r(-10).
29
Let i(g) = 6605 - 6*g**2 - 8*g - 3298 - 2*g - g**2 - 3295 + g**3. Determine i(8).
-4
Suppose 5*x - 79 = 2*h, 0 = 418*h - 415*h - x + 99. Let y(c) = c**3 + 33*c**2 + 24*c - 268. Determine y(h).
-12
Suppose -5*a = 5, 5*d - 2*a = 19 + 3. Let k = -73 + 75. Let v(x) = x**2 + 36*x + 6. Let y(t) = 7*t + 1. Let b(o) = k*v(o) - 11*y(o). Give b(d).
13
Suppose -39*z = z - 7*z + 198. Let f(g) be the third derivative of -g**5/120 - 5*g**4/24 + g**3/6 + 2*g**2. Let u(k) be the first derivative of f(k). Give u(z).
1
Let i(g) = -4*g. Let m(v) = -2*v**2 - 47*v + 251. Let t be m(-28). Determine i(t).
4
Let y(g) = g**3 - 5*g**2 + 2*g - 5. Let w = 237 + -237. Suppose 4*c - 7*c + 15 = w. Give y(c).
5
Let s(c) = -c**3 - 5*c**2 - 4*c - 3. Let q be s(-4). Let k(m) be the second derivative of -m**4/12 - m**3 - 9*m**2/2 - 385394*m. What is k(q)?
0
Let c(a) = 5*a**2 - 12*a - 1. Suppose 127*q - 111 - 143 = 0. What is c(q)?
-5
Let d(f) = 7*f**2 + 4. Let o(j) = -j**2 + 6*j. Let a(n) = d(n) + o(n). Calculate a(4).
124
Let s be (2 - -46)*(-12)/12. Let m = -41 - s. Let k(t) = m*t + 12*t + 10 - 20*t. Give k(9).
1
Let s(n) = n**2 + 412*n + 2039. Let x be s(-5). Let u(y) be the first derivative of y**2 - 8*y - 2. Give u(x).
0
Let t(r) be the first derivative of 